the highest common factor of 291289 and 361?
19
Calculate the greatest common factor of 1502140 and 67.
67
What is the greatest common divisor of 23927 and 5392?
337
What is the highest common factor of 14561886 and 6?
6
Calculate the highest common divisor of 1170 and 1056120.
390
Calculate the greatest common factor of 35608 and 56.
8
Calculate the highest common factor of 42772 and 148.
148
Calculate the highest common factor of 475 and 4104.
19
What is the greatest common divisor of 87 and 24041?
29
Calculate the highest common divisor of 768 and 1406592.
384
Calculate the greatest common factor of 760 and 226936.
152
Calculate the greatest common divisor of 525 and 174125.
175
What is the highest common divisor of 60 and 137900?
20
What is the highest common divisor of 184 and 2168?
8
Calculate the highest common divisor of 16973 and 4763.
11
What is the highest common divisor of 475 and 583775?
475
What is the greatest common factor of 9216 and 53244?
36
What is the greatest common factor of 970429 and 205?
41
What is the highest common divisor of 27 and 31338?
9
Calculate the greatest common factor of 780 and 68016.
156
Calculate the highest common divisor of 58092 and 2060.
412
What is the highest common divisor of 440656 and 16?
16
Calculate the highest common factor of 91 and 16965.
13
What is the highest common divisor of 8913402 and 324?
162
Calculate the greatest common divisor of 519708 and 14.
14
What is the greatest common factor of 12988 and 289?
17
Calculate the highest common factor of 1603 and 4711.
7
What is the greatest common divisor of 980 and 8750?
70
What is the greatest common factor of 40 and 28896?
8
Calculate the highest common divisor of 96 and 97312.
32
Calculate the highest common divisor of 6423 and 9.
3
Calculate the greatest common factor of 2 and 499460.
2
What is the greatest common divisor of 3888 and 47088?
432
Calculate the highest common factor of 36800 and 9664.
64
What is the highest common divisor of 6524 and 112?
28
What is the greatest common factor of 12 and 1144212?
12
Calculate the greatest common divisor of 1092767 and 52.
13
Calculate the greatest common divisor of 1406 and 3819.
19
Calculate the highest common factor of 3569 and 12212.
43
What is the highest common divisor of 11840 and 7840?
160
Calculate the highest common factor of 3325 and 67165.
665
Calculate the greatest common factor of 269033 and 58.
29
What is the greatest common factor of 1885692 and 12?
12
Calculate the greatest common factor of 186 and 28830.
186
What is the greatest common factor of 11142 and 576?
18
What is the greatest common divisor of 567 and 36477?
189
Calculate the highest common divisor of 116 and 1794288.
116
Calculate the highest common divisor of 14985 and 629.
37
What is the highest common divisor of 434696 and 1072?
536
Calculate the greatest common divisor of 3114617 and 3399.
1133
What is the greatest common factor of 946 and 18834?
86
Calculate the greatest common factor of 308 and 30.
2
What is the highest common divisor of 5671696 and 1808?
1808
Calculate the highest common divisor of 7 and 284802.
7
What is the greatest common divisor of 235 and 3337?
47
What is the highest common factor of 138304 and 3456?
64
What is the greatest common divisor of 3531 and 8349?
33
What is the highest common factor of 10428 and 1638144?
948
Calculate the highest common divisor of 1824 and 1984.
32
Calculate the greatest common divisor of 13680 and 28560.
240
Calculate the greatest common factor of 22 and 245586.
22
Calculate the greatest common divisor of 182 and 53767.
7
Calculate the highest common divisor of 11077 and 1696.
53
Calculate the highest common divisor of 756 and 2117178.
378
What is the greatest common factor of 10 and 24810?
10
What is the greatest common divisor of 3113 and 165838?
283
Calculate the highest common factor of 87575 and 124.
31
Calculate the greatest common divisor of 236033 and 1225.
49
What is the highest common factor of 34662 and 132108?
654
What is the highest common factor of 2382080 and 960?
320
Calculate the greatest common factor of 406 and 11977.
203
What is the greatest common divisor of 33 and 6029463?
33
Calculate the greatest common divisor of 2214 and 30094.
82
What is the greatest common factor of 130700 and 400?
100
What is the greatest common factor of 307596 and 18?
6
Calculate the greatest common divisor of 2255 and 82984.
451
What is the greatest common divisor of 140 and 303450?
70
What is the greatest common divisor of 55053 and 11637?
27
What is the highest common factor of 16982 and 14?
14
Calculate the greatest common divisor of 1026 and 856710.
1026
Calculate the highest common factor of 8900 and 48.
4
Calculate the greatest common factor of 220 and 6490.
110
Calculate the highest common divisor of 1092 and 68614.
182
What is the greatest common divisor of 24983 and 22659?
581
Calculate the greatest common divisor of 810 and 60.
30
Calculate the highest common divisor of 142227 and 63.
9
Calculate the greatest common divisor of 33456 and 36941.
697
What is the highest common divisor of 15 and 135330?
15
What is the greatest common divisor of 231 and 41228?
11
What is the highest common factor of 2000 and 45060?
20
What is the highest common factor of 87 and 2813?
29
Calculate the highest common divisor of 5631331 and 1451.
1451
Calculate the greatest common factor of 606 and 54742.
202
Calculate the greatest common factor of 799 and 9259.
47
What is the greatest common factor of 4552 and 224?
8
What is the greatest common divisor of 20 and 353870?
10
What is the highest common factor of 114 and 938448?
114
Calculate the highest common factor of 655957 and 13073.
769
What is the highest common divisor of 5065988 and 83?
83
Calculate the highest common divisor of 147 and 265188.
147
Calculate the highest common divisor of 42 and 206106.
6
Calculate the highest common divisor of 702 and 676.
26
Calculate the highest common factor of 193 and 19493.
193
Calculate the greatest common factor of 27797 and 10982.
19
Calculate the greatest common divisor of 19 and 1120126.
19
Calculate the greatest common factor of 56 and 272544.
8
What is the greatest common divisor of 792 and 2960694?
198
Calculate the highest common factor of 306 and 13022.
34
Calculate the highest common divisor of 264 and 95016.
24
Calculate the greatest common factor of 154 and 3542.
154
Calculate the greatest common factor of 50 and 7694825.
25
What is the highest common divisor of 22930 and 20?
10
Calculate the greatest common factor of 62 and 7450757.
31
What is the greatest common factor of 1680 and 26292?
84
Calculate the highest common divisor of 1463 and 181013.
133
Calculate the greatest common divisor of 88484 and 44.
44
Calculate the highest common factor of 869 and 215907.
79
What is the highest common factor of 13092 and 60?
12
Calculate the greatest common factor of 1158906 and 246.
246
Calculate the greatest common factor of 174 and 286114.
58
Calculate the greatest common divisor of 193440 and 2340.
780
What is the highest common factor of 57902 and 9724?
442
Calculate the highest common divisor of 378 and 1910916.
126
Calculate the greatest common factor of 8695 and 7849.
47
What is the highest common factor of 3245 and 156527?
59
What is the greatest common divisor of 53667 and 737?
67
What is the highest common divisor of 14740 and 3484?
268
Calculate the highest common factor of 865187 and 593.
593
Calculate the highest common divisor of 285 and 58805.
95
Calculate the greatest common divisor of 1797901 and 2121.
707
What is the greatest common divisor of 23475 and 90?
15
What is the greatest common factor of 195 and 33750?
15
Calculate the greatest common divisor of 5088 and 12736.
32
Calculate the highest common factor of 12972 and 32844.
276
What is the highest common divisor of 48714 and 92?
46
Calculate the greatest common divisor of 415025 and 13.
13
Calculate the highest common factor of 80 and 1255.
5
Calculate the greatest common factor of 82276 and 268.
268
What is the greatest common divisor of 13064490 and 810?
810
Calculate the greatest common divisor of 411594 and 65946.
2274
What is the highest common divisor of 35136 and 3168?
288
Calculate the greates